e the greatest common divisor of 248244 and 26610.
6
Calculate the highest common divisor of 366836 and 5274.
586
What is the highest common factor of 50 and 67827090?
10
Calculate the highest common divisor of 287007 and 1355109.
3633
What is the greatest common factor of 123734 and 2054?
26
Calculate the greatest common divisor of 222 and 85834968.
222
What is the highest common divisor of 5 and 18112430?
5
Calculate the highest common divisor of 98149486 and 218.
218
Calculate the highest common divisor of 2664 and 64395096.
888
Calculate the greatest common divisor of 1434684 and 660.
12
Calculate the highest common divisor of 1667 and 10823.
1
What is the greatest common factor of 219923330 and 55?
55
What is the highest common divisor of 23 and 2409503?
23
Calculate the highest common factor of 10 and 222300710.
10
What is the greatest common factor of 7 and 65957276?
7
Calculate the greatest common divisor of 326361128 and 29.
29
What is the greatest common factor of 405 and 2780865?
135
What is the highest common divisor of 1892545 and 50?
5
What is the greatest common factor of 225304 and 76488?
8
Calculate the greatest common divisor of 130584 and 59851.
5441
Calculate the highest common divisor of 2931789 and 105.
21
Calculate the greatest common factor of 1248 and 97215144.
312
What is the highest common factor of 243504 and 532?
76
Calculate the highest common factor of 1644 and 16161342.
822
What is the highest common factor of 79563 and 23760?
33
What is the greatest common divisor of 1220366 and 728462?
854
What is the greatest common divisor of 22646 and 515112?
338
Calculate the greatest common divisor of 1584 and 18682464.
48
Calculate the highest common factor of 221505 and 465.
15
Calculate the highest common divisor of 567740 and 1275.
5
What is the highest common divisor of 87776 and 219229?
211
What is the greatest common divisor of 1906 and 144690178?
1906
What is the greatest common factor of 377946569 and 287?
287
Calculate the greatest common divisor of 5004540 and 4500.
180
What is the greatest common divisor of 189471 and 150837?
411
What is the greatest common divisor of 48 and 1668489?
3
What is the greatest common factor of 37 and 1767708929?
37
Calculate the highest common divisor of 28945 and 8340295.
4135
What is the highest common divisor of 10112496 and 4149?
1383
What is the highest common factor of 385760 and 32510?
10
Calculate the greatest common factor of 163286710 and 70.
10
What is the greatest common factor of 5127 and 10755?
3
Calculate the greatest common factor of 50242630 and 5360.
670
What is the greatest common divisor of 23362391 and 169?
169
Calculate the highest common factor of 221 and 688390469.
221
Calculate the greatest common factor of 34 and 1454756606.
34
What is the highest common divisor of 24400 and 143200?
400
Calculate the greatest common factor of 2964962 and 12782.
154
Calculate the highest common divisor of 959904 and 10504.
808
What is the highest common divisor of 1174343714 and 136?
34
What is the highest common factor of 141881 and 106?
53
What is the highest common divisor of 464 and 202454626?
58
What is the highest common factor of 1743 and 2209838148?
1743
What is the highest common divisor of 570 and 3981507?
57
What is the greatest common factor of 3017774 and 3302?
254
Calculate the greatest common factor of 308563 and 1931119.
3467
What is the greatest common factor of 29573359 and 87?
29
Calculate the greatest common factor of 884000 and 11312480.
2720
What is the greatest common factor of 394163 and 385?
77
Calculate the highest common divisor of 2637970 and 100.
10
Calculate the highest common divisor of 24771 and 11661.
69
Calculate the greatest common factor of 3920407 and 710.
71
What is the greatest common divisor of 3 and 4226442?
3
What is the highest common divisor of 194843 and 2893?
11
What is the highest common factor of 486149 and 527?
17
What is the greatest common factor of 25438605 and 1101?
1101
Calculate the greatest common divisor of 42522354 and 69.
69
Calculate the greatest common divisor of 149859 and 57.
3
Calculate the highest common divisor of 12719683 and 741.
19
What is the greatest common factor of 7704 and 59778?
18
Calculate the greatest common divisor of 62 and 33662.
2
Calculate the highest common divisor of 18438 and 6197802.
2634
Calculate the greatest common factor of 864 and 8074336.
32
Calculate the highest common divisor of 3943 and 340600283.
3943
Calculate the highest common factor of 1122539 and 99560.
2489
Calculate the highest common divisor of 365753 and 149619.
53
What is the greatest common divisor of 3620942 and 1170?
26
What is the greatest common divisor of 3 and 6916881?
3
What is the highest common divisor of 1133 and 1279466?
103
Calculate the highest common factor of 60831 and 2030265.
81
What is the greatest common factor of 862834 and 14?
14
What is the greatest common divisor of 473 and 642954103?
473
Calculate the greatest common factor of 75344 and 1845097.
277
What is the highest common divisor of 1570 and 98880170?
1570
Calculate the highest common divisor of 39572 and 2837068.
52
Calculate the highest common divisor of 211470 and 1029.
21
What is the highest common factor of 4 and 70861912?
4
Calculate the highest common divisor of 423 and 339401664.
423
Calculate the highest common divisor of 30 and 31669660.
10
Calculate the greatest common factor of 546 and 132922608.
546
Calculate the highest common factor of 15818 and 1941742.
22
Calculate the greatest common divisor of 15115873 and 3944.
493
Calculate the highest common factor of 667 and 9637.
23
What is the highest common divisor of 8580448 and 297184?
1184
What is the highest common factor of 3381 and 3223335?
69
Calculate the highest common factor of 11963510 and 702.
26
What is the greatest common factor of 20495278 and 310?
62
What is the greatest common factor of 13600 and 603296?
544
What is the highest common factor of 93820 and 1116300?
20
Calculate the highest common factor of 28193726 and 4124.
2062
What is the greatest common divisor of 808 and 10384214?
202
What is the greatest common factor of 107 and 2600100?
107
What is the highest common factor of 20959565 and 190?
95
Calculate the greatest common divisor of 2736 and 17101368.
1368
Calculate the greatest common divisor of 32708 and 1906684.
1924
Calculate the greatest common divisor of 54 and 2392749.
9
What is the highest common divisor of 2600164 and 21?
7
What is the highest common factor of 3074 and 169706?
106
Calculate the greatest common divisor of 169 and 34673691.
13
Calculate the highest common factor of 62910 and 44442.
54
Calculate the greatest common divisor of 583 and 70034253.
53
Calculate the greatest common divisor of 1338 and 18546.
6
What is the greatest common factor of 39276 and 3310094?
2182
Calculate the highest common factor of 10062 and 1247376.
78
What is the greatest common factor of 130 and 17113330?
130
Calculate the highest common factor of 3048 and 54218586.
762
Calculate the greatest common factor of 3744 and 651078.
18
What is the greatest common factor of 330 and 623489570?
110
Calculate the highest common divisor of 63 and 1519287.
21
What is the greatest common factor of 10173835 and 399?
133
What is the greatest common divisor of 19067 and 88021?
23
What is the highest common divisor of 290049 and 282066?
2661
Calculate the highest common factor of 541853032 and 112.
56
Calculate the greatest common factor of 2117040 and 1200.
240
Calculate the greatest common factor of 102795 and 55099.
11
What is the highest common factor of 90 and 13636915?
5
Calculate the highest common factor of 3382 and 354616.
38
What is the highest common factor of 25492122 and 17667?
1359
What is the highest common factor of 18887 and 994840?
187
What is the greatest common factor of 1722503 and 6968737?
3149
Calculate the highest common factor of 21325 and 184000.
25
Calculate the highest common factor of 55468 and 600838.
98
Calculate the highest common factor of 3880 and 145010.
10
Calculate the highest common factor of 1377 and 972844074.
459
Calculate the highest common divisor of 151312527 and 4932.
1233
What is the greatest common factor of 104649259 and 8